{"id":5157,"date":"2022-11-08T12:43:34","date_gmt":"2022-11-08T11:43:34","guid":{"rendered":"https:\/\/manelmontes.cat\/?post_type=property&#038;p=5157"},"modified":"2022-11-08T12:43:34","modified_gmt":"2022-11-08T11:43:34","slug":"local-en-lloguer-passeig-de-ronda","status":"publish","type":"property","link":"https:\/\/manelmontes.cat\/es\/property\/local-en-lloguer-passeig-de-ronda\/","title":{"rendered":"Local en lloguer Passeig de Ronda"},"content":{"rendered":"<div id=\"box_Description\" class=\"box\">\n<div id=\"SectionDescription\" class=\"box-content\">\n<table class=\"details\">\n<tbody>\n<tr>\n<td id=\"lang_4\" colspan=\"1\">Local de 50m\u00b2 mes 20 de magatzem, ubicat al Passeig De Ronda, completament reformat. T\u00e9 el terra de parquet, el sostre baixat, amb bomba d&#8217;aire fred i calent, la porta i vidres blindats. Est\u00e0 molt b\u00e9 situat, amb tots els suministres donats d&#8217;alta!!<\/td>\n<\/tr>\n<\/tbody>\n<\/table>\n<\/div>\n<\/div>\n<div id=\"box_Extras\" class=\"box\"><\/div>\n","protected":false},"excerpt":{"rendered":"<p>Local de 50m\u00b2 mes 20 de magatzem, ubicat al Passeig De Ronda, completament reformat. T\u00e9 el terra de parquet, el sostre baixat, amb bomba d&#8217;aire fred i calent, la porta i vidres blindats. Est\u00e0 molt b\u00e9 situat, amb tots els suministres donats d&#8217;alta!!<\/p>\n","protected":false},"author":2,"featured_media":5158,"parent":0,"menu_order":0,"comment_status":"closed","ping_status":"closed","template":"","property-feature":[46],"property-type":[8],"property-city":[136],"property-status":[12],"property_meta":[],"_links":{"self":[{"href":"https:\/\/manelmontes.cat\/es\/wp-json\/wp\/v2\/properties\/5157"}],"collection":[{"href":"https:\/\/manelmontes.cat\/es\/wp-json\/wp\/v2\/properties"}],"about":[{"href":"https:\/\/manelmontes.cat\/es\/wp-json\/wp\/v2\/types\/property"}],"author":[{"embeddable":true,"href":"https:\/\/manelmontes.cat\/es\/wp-json\/wp\/v2\/users\/2"}],"replies":[{"embeddable":true,"href":"https:\/\/manelmontes.cat\/es\/wp-json\/wp\/v2\/comments?post=5157"}],"version-history":[{"count":1,"href":"https:\/\/manelmontes.cat\/es\/wp-json\/wp\/v2\/properties\/5157\/revisions"}],"predecessor-version":[{"id":5170,"href":"https:\/\/manelmontes.cat\/es\/wp-json\/wp\/v2\/properties\/5157\/revisions\/5170"}],"wp:featuredmedia":[{"embeddable":true,"href":"https:\/\/manelmontes.cat\/es\/wp-json\/wp\/v2\/media\/5158"}],"wp:attachment":[{"href":"https:\/\/manelmontes.cat\/es\/wp-json\/wp\/v2\/media?parent=5157"}],"wp:term":[{"taxonomy":"property-feature","embeddable":true,"href":"https:\/\/manelmontes.cat\/es\/wp-json\/wp\/v2\/property-feature?post=5157"},{"taxonomy":"property-type","embeddable":true,"href":"https:\/\/manelmontes.cat\/es\/wp-json\/wp\/v2\/property-type?post=5157"},{"taxonomy":"property-city","embeddable":true,"href":"https:\/\/manelmontes.cat\/es\/wp-json\/wp\/v2\/property-city?post=5157"},{"taxonomy":"property-status","embeddable":true,"href":"https:\/\/manelmontes.cat\/es\/wp-json\/wp\/v2\/property-status?post=5157"}],"curies":[{"name":"wp","href":"https:\/\/api.w.org\/{rel}","templated":true}]}}

<div id="box_Description" class="box">
<div id="SectionDescription" class="box-content">
<table class="details">
<tbody>
<tr>
<td id="lang_4" colspan="1">Local de 50m² mes 20 de magatzem, ubicat al Passeig De Ronda, completament reformat. Té el terra de parquet, el sostre baixat, amb bomba d&#8217;aire fred i calent, la porta i vidres blindats. Està molt bé situat, amb tots els suministres donats d&#8217;alta!!</td>
</tr>
</tbody>
</table>
</div>
</div>
<div id="box_Extras" class="box"></div>

<p>Local de 50m² mes 20 de magatzem, ubicat al Passeig De Ronda, completament reformat. Té el terra de parquet, el sostre baixat, amb bomba d&#8217;aire fred i calent, la porta i vidres blindats. Està molt bé situat, amb tots els suministres donats d&#8217;alta!!</p>
