{"id":5397,"date":"2022-11-09T10:30:09","date_gmt":"2022-11-09T09:30:09","guid":{"rendered":"https:\/\/manelmontes.cat\/?post_type=property&#038;p=5397"},"modified":"2022-11-09T10:30:09","modified_gmt":"2022-11-09T09:30:09","slug":"altell-reformat-a-la-zona-alta","status":"publish","type":"property","link":"https:\/\/manelmontes.cat\/es\/property\/altell-reformat-a-la-zona-alta\/","title":{"rendered":"Altell reformat a la zona alta"},"content":{"rendered":"<table class=\"details\">\n<tbody>\n<tr>\n<td id=\"lang_4\" colspan=\"1\">Altell completament reformat a la zona alta de Lleida. En edifici combinat de vivendes i altells, totes les oficines estan ocupades i el ve\u00efnat \u00e9s molt tranquil. Amb una distribuci\u00f3 de tres despatxos grans, bany, aseo, recepci\u00f3, arxiu-traster, i cuartet de neteja. Terra de parquet calefacci\u00f3 per aire amb esplits independents en cada despatx. Tancaments en alumini lacat amb doble vidre i oscil\u00b7lobatents. Acc\u00e9s a l&#8217;edifici adaptat a persones de mobilitat redu\u00efda.<\/td>\n<\/tr>\n<\/tbody>\n<\/table>\n","protected":false},"excerpt":{"rendered":"<p>Altell completament reformat a la zona alta de Lleida. En edifici combinat de vivendes i altells, totes les oficines estan ocupades i el ve\u00efnat \u00e9s molt tranquil. Amb una distribuci\u00f3 de tres despatxos grans, bany, aseo, recepci\u00f3, arxiu-traster, i cuartet de neteja. Terra de parquet calefacci\u00f3 per aire amb esplits independents en cada despatx. Tancaments&#8230;<\/p>\n","protected":false},"author":2,"featured_media":5400,"parent":0,"menu_order":0,"comment_status":"closed","ping_status":"closed","template":"","property-feature":[46,37,35,39,42],"property-type":[7],"property-city":[134],"property-status":[11],"property_meta":[],"_links":{"self":[{"href":"https:\/\/manelmontes.cat\/es\/wp-json\/wp\/v2\/properties\/5397"}],"collection":[{"href":"https:\/\/manelmontes.cat\/es\/wp-json\/wp\/v2\/properties"}],"about":[{"href":"https:\/\/manelmontes.cat\/es\/wp-json\/wp\/v2\/types\/property"}],"author":[{"embeddable":true,"href":"https:\/\/manelmontes.cat\/es\/wp-json\/wp\/v2\/users\/2"}],"replies":[{"embeddable":true,"href":"https:\/\/manelmontes.cat\/es\/wp-json\/wp\/v2\/comments?post=5397"}],"version-history":[{"count":1,"href":"https:\/\/manelmontes.cat\/es\/wp-json\/wp\/v2\/properties\/5397\/revisions"}],"predecessor-version":[{"id":5424,"href":"https:\/\/manelmontes.cat\/es\/wp-json\/wp\/v2\/properties\/5397\/revisions\/5424"}],"wp:featuredmedia":[{"embeddable":true,"href":"https:\/\/manelmontes.cat\/es\/wp-json\/wp\/v2\/media\/5400"}],"wp:attachment":[{"href":"https:\/\/manelmontes.cat\/es\/wp-json\/wp\/v2\/media?parent=5397"}],"wp:term":[{"taxonomy":"property-feature","embeddable":true,"href":"https:\/\/manelmontes.cat\/es\/wp-json\/wp\/v2\/property-feature?post=5397"},{"taxonomy":"property-type","embeddable":true,"href":"https:\/\/manelmontes.cat\/es\/wp-json\/wp\/v2\/property-type?post=5397"},{"taxonomy":"property-city","embeddable":true,"href":"https:\/\/manelmontes.cat\/es\/wp-json\/wp\/v2\/property-city?post=5397"},{"taxonomy":"property-status","embeddable":true,"href":"https:\/\/manelmontes.cat\/es\/wp-json\/wp\/v2\/property-status?post=5397"}],"curies":[{"name":"wp","href":"https:\/\/api.w.org\/{rel}","templated":true}]}}

<table class="details">
<tbody>
<tr>
<td id="lang_4" colspan="1">Altell completament reformat a la zona alta de Lleida. En edifici combinat de vivendes i altells, totes les oficines estan ocupades i el veïnat és molt tranquil. Amb una distribució de tres despatxos grans, bany, aseo, recepció, arxiu-traster, i cuartet de neteja. Terra de parquet calefacció per aire amb esplits independents en cada despatx. Tancaments en alumini lacat amb doble vidre i oscil·lobatents. Accés a l&#8217;edifici adaptat a persones de mobilitat reduïda.</td>
</tr>
</tbody>
</table>

<p>Altell completament reformat a la zona alta de Lleida. En edifici combinat de vivendes i altells, totes les oficines estan ocupades i el veïnat és molt tranquil. Amb una distribució de tres despatxos grans, bany, aseo, recepció, arxiu-traster, i cuartet de neteja. Terra de parquet calefacció per aire amb esplits independents en cada despatx. Tancaments&#8230;</p>
