{"id":5804,"date":"2023-02-07T09:54:04","date_gmt":"2023-02-07T08:54:04","guid":{"rendered":"https:\/\/manelmontes.cat\/?post_type=property&#038;p=5804"},"modified":"2023-03-13T12:09:02","modified_gmt":"2023-03-13T11:09:02","slug":"reformat-passeig-de-ronda","status":"publish","type":"property","link":"https:\/\/manelmontes.cat\/es\/property\/reformat-passeig-de-ronda\/","title":{"rendered":"Reformat Passeig De Ronda"},"content":{"rendered":"<table class=\"details\">\n<tbody>\n<tr>\n<td id=\"lang_8\" colspan=\"1\">Pis molt centric al Passeig de Ronda a pocs metres dels hospitals. \u00c9s de tres dormitoris, dos individuals i l&#8217;altre de matrimoni. La cuina office est\u00e0 totalment reformada i equipada. El bany tamb\u00e9 reformat i amb plat de dutxa. Hi ha dos menjadors ,un molt ampli i amb sortida al balc\u00f3. T\u00e9 una terrassa interior amb zona de rentat i per poder estendre. Terra de parquet i calefacci\u00f3 de gas. No s&#8217;accepten mascotes.<\/td>\n<\/tr>\n<\/tbody>\n<\/table>\n","protected":false},"excerpt":{"rendered":"<p>Pis molt centric al Passeig de Ronda a pocs metres dels hospitals. \u00c9s de tres dormitoris, dos individuals i l&#8217;altre de matrimoni. La cuina office est\u00e0 totalment reformada i equipada. El bany tamb\u00e9 reformat i amb plat de dutxa. Hi ha dos menjadors ,un molt ampli i amb sortida al balc\u00f3. T\u00e9 una terrassa interior&#8230;<\/p>\n","protected":false},"author":2,"featured_media":5841,"parent":0,"menu_order":0,"comment_status":"closed","ping_status":"closed","template":"","property-feature":[46,37,35,39,44,54,38],"property-type":[4],"property-city":[137],"property-status":[12],"property_meta":[],"_links":{"self":[{"href":"https:\/\/manelmontes.cat\/es\/wp-json\/wp\/v2\/properties\/5804"}],"collection":[{"href":"https:\/\/manelmontes.cat\/es\/wp-json\/wp\/v2\/properties"}],"about":[{"href":"https:\/\/manelmontes.cat\/es\/wp-json\/wp\/v2\/types\/property"}],"author":[{"embeddable":true,"href":"https:\/\/manelmontes.cat\/es\/wp-json\/wp\/v2\/users\/2"}],"replies":[{"embeddable":true,"href":"https:\/\/manelmontes.cat\/es\/wp-json\/wp\/v2\/comments?post=5804"}],"version-history":[{"count":1,"href":"https:\/\/manelmontes.cat\/es\/wp-json\/wp\/v2\/properties\/5804\/revisions"}],"predecessor-version":[{"id":5843,"href":"https:\/\/manelmontes.cat\/es\/wp-json\/wp\/v2\/properties\/5804\/revisions\/5843"}],"wp:featuredmedia":[{"embeddable":true,"href":"https:\/\/manelmontes.cat\/es\/wp-json\/wp\/v2\/media\/5841"}],"wp:attachment":[{"href":"https:\/\/manelmontes.cat\/es\/wp-json\/wp\/v2\/media?parent=5804"}],"wp:term":[{"taxonomy":"property-feature","embeddable":true,"href":"https:\/\/manelmontes.cat\/es\/wp-json\/wp\/v2\/property-feature?post=5804"},{"taxonomy":"property-type","embeddable":true,"href":"https:\/\/manelmontes.cat\/es\/wp-json\/wp\/v2\/property-type?post=5804"},{"taxonomy":"property-city","embeddable":true,"href":"https:\/\/manelmontes.cat\/es\/wp-json\/wp\/v2\/property-city?post=5804"},{"taxonomy":"property-status","embeddable":true,"href":"https:\/\/manelmontes.cat\/es\/wp-json\/wp\/v2\/property-status?post=5804"}],"curies":[{"name":"wp","href":"https:\/\/api.w.org\/{rel}","templated":true}]}}

<table class="details">
<tbody>
<tr>
<td id="lang_8" colspan="1">Pis molt centric al Passeig de Ronda a pocs metres dels hospitals. És de tres dormitoris, dos individuals i l&#8217;altre de matrimoni. La cuina office està totalment reformada i equipada. El bany també reformat i amb plat de dutxa. Hi ha dos menjadors ,un molt ampli i amb sortida al balcó. Té una terrassa interior amb zona de rentat i per poder estendre. Terra de parquet i calefacció de gas. No s&#8217;accepten mascotes.</td>
</tr>
</tbody>
</table>

<p>Pis molt centric al Passeig de Ronda a pocs metres dels hospitals. És de tres dormitoris, dos individuals i l&#8217;altre de matrimoni. La cuina office està totalment reformada i equipada. El bany també reformat i amb plat de dutxa. Hi ha dos menjadors ,un molt ampli i amb sortida al balcó. Té una terrassa interior&#8230;</p>
